*y + 4, 5*y + 2 = -2*z + q. What is the greatest common divisor of z and f?
2
Let w = -15 - -127. What is the greatest common factor of 16 and w?
16
Let l(d) = -d**2 - 5*d - 3. Let n be l(-4). Let f be ((-12)/10)/(n/(-20)). Let p = 26 - -22. Calculate the greatest common factor of p and f.
24
Let q = -45 + 63. What is the highest common divisor of q and 90?
18
Let v be (-58268)/(-196) + 4/(-14). Calculate the greatest common factor of v and 27.
27
Suppose 5*v - 125 = 2*p, -2*v + 0*v + 50 = -5*p. Calculate the highest common divisor of v and 175.
25
Let r(u) be the second derivative of 0 + u**3 - 1/12*u**4 + u**2 - u. Let l be r(3). Calculate the greatest common divisor of l and 11.
11
Let l = -16 + 26. What is the highest common factor of l and 2?
2
Let d(q) = q. Let y be d(1). What is the greatest common divisor of y and 3?
1
Let b be (-2)/(-8) - 21/(-12). Let u be b*-2*(-20)/(-4). Let z be (5 + u)*(-32)/6. What is the highest common factor of z and 10?
10
Let v be 4 - -2*(-1 - -2). Calculate the greatest common factor of 36 and v.
6
Let h(g) = -g**3 + 4*g**2 - 2*g - 1. Let f be h(3). Let w = f - -7. Calculate the highest common divisor of 9 and w.
9
Suppose 5*y = 4 - 19, 0 = -3*j + y + 12. Suppose 3*l + 30 = 4*w, -w + 0*l = j*l. Calculate the greatest common factor of w and 3.
3
Let w(l) = -l + 1. Let m be w(-6). Suppose -22 = -a - m. Let g be (-5)/(-4)*-2*-2. Calculate the highest common divisor of a and g.
5
Let o = -87 - -337. Calculate the greatest common divisor of o and 100.
50
Let v(l) = -l**2 - 8*l - 9. Let b be v(-6). Let p = b + 8. Let s(r) = r**2 - 5. Let f be s(4). What is the greatest common factor of p and f?
11
Let w be 5*((-16)/10 + 2). Calculate the greatest common factor of 18 and w.
2
Suppose -h = 3*h - 60. Suppose -2*u - 2*u + 40 = 0. What is the greatest common divisor of u and h?
5
Let g(r) = r - 6 + 5 + r - 8. Let w be g(6). Suppose -4*j + 2*t = -50, j + 0*t + t = 20. What is the greatest common factor of j and w?
3
Suppose b - 13 = 5*o, -2*b = -0*b + o - 37. Calculate the greatest common divisor of 12 and b.
6
Let k = -206 - -294. Calculate the highest common factor of 22 and k.
22
Let w(b) = 10*b - 2*b**2 + b**2 - 2*b - 3*b + 7. Let s be w(5). Calculate the highest common divisor of 14 and s.
7
Let j be (-9)/3*248/(-6). What is the highest common divisor of 31 and j?
31
Let q = -26 - -56. Let v = 542 + -532. Calculate the greatest common factor of q and v.
10
Let n = -16 + 33. Suppose -q - 14 = -a + n, -a - 3*q + 15 = 0. Suppose 23 = 3*v - 31. What is the greatest common divisor of v and a?
9
Let w(u) = -u**2. Let i(j) = -18*j**2 - 2*j + 2. Let q(b) = -i(b) + 4*w(b). Let x be q(-2). What is the highest common factor of 20 and x?
10
Let q(f) = -f**3 - 4*f**2 + 4*f - 3. Let u be q(-5). Let c(t) = -11*t + 1 + 1 + u*t. Let x be c(-7). Calculate the highest common factor of 13 and x.
13
Let h(t) = -7*t**2 - 2*t + 1. Let i be h(-2). Suppose 3*r - 135 = -2*p, 3*p + 77 = 3*r - r. Let u = i + r. What is the highest common divisor of 4 and u?
4
Suppose 2*d = -2*j, -5*d + 0*d = 4*j - 2. Let p = d - -42. Suppose y + 138 - p = 4*o, 2*o - 2*y - 44 = 0. What is the greatest common factor of 12 and o?
12
Suppose -x = x + 3*f - 90, 2*x - 2*f = 90. What is the highest common factor of x and 9?
9
Let b be -4*1 + 444/6. Calculate the highest common factor of b and 14.
14
Let p = 59 + -19. Suppose -2*f + 4*a = 0, -f + 40 = f + 4*a. Calculate the highest common factor of p and f.
10
Let y be (-35)/(-4) + (-9)/12. Let b be 546/y + (-2)/8. What is the greatest common factor of 17 and b?
17
Suppose -2*q - q = -4*r - 25, q - 7 = r. Let t = 1 + q. What is the highest common divisor of t and 1?
1
Let q be 0 + (0/3)/1. Suppose -160 = -4*n - q*n. Suppose n = -0*h + h. What is the greatest common divisor of h and 10?
10
Let x be ((-33)/(-5))/((-4)/(-20)). Calculate the greatest common divisor of 3 and x.
3
Suppose -5*r + 5 = -15. Let p = -72 + 104. Calculate the greatest common factor of r and p.
4
Suppose 8 = 5*r - 2. Suppose r*j - 2*u - 153 = -u, 15 = 5*u. Calculate the highest common factor of 26 and j.
26
Let j be (-2)/(-13) + 703/247. Suppose -y + 1 = -4*v - 0*y, -4*v + j*y = 11. Suppose -f - 3*f = -20. Calculate the greatest common divisor of f and v.
1
Let h = -3 + 4. Let b be 0/(h - (-3 + 5)). Suppose 5*y + v = 37, b*y = 2*y - 4*v - 28. Calculate the greatest common divisor of y and 56.
8
Let m be (-21 + -1)*(-21)/14. Suppose -m = -5*g + 2*p, -g - 2*p + 17 = 4*g. What is the highest common factor of 1 and g?
1
Suppose b + 0 - 10 = 0. What is the greatest common divisor of b and 10?
10
Let q(j) be the first derivative of j**4/4 - 8*j**3/3 + j**2/2 - j + 1. Let n be q(8). Let u = 9 + -2. What is the greatest common divisor of n and u?
7
Suppose -2*f + 3*r + 29 = 0, 46 = 4*f + 4*r - 6*r. Let g(l) = l + 11 + 9*l**2 + 19*l**2 - f. Let p be g(-1). What is the highest common factor of p and 70?
14
Suppose 0 = 3*f - 43 - 47. Suppose -4*o = -4*w - 12, -2*o - 4*w + f + 6 = 0. What is the highest common divisor of o and 40?
8
Let u be 12/48 + (-111)/(-4). What is the greatest common divisor of u and 84?
28
Let p(w) = -w - 2. Let h be p(-4). Let f be -2*h/(-4)*-1. Let l be 8 - (1 - (f - 0)). What is the greatest common divisor of 4 and l?
2
Let m(c) = c**2 - 6*c - 1. Let q be m(-4). Let r be (-32)/(-2) - (-3 + 6). Calculate the greatest common divisor of q and r.
13
Let n(r) = -r + 2. Let d be n(-1). What is the greatest common factor of 33 and d?
3
Suppose r - 2*r + 12 = 0. Let o = 1361 - 756. Suppose 0 = 4*q - o + 221. What is the greatest common factor of q and r?
12
Let u = -3 - -16. What is the highest common factor of u and 39?
13
Suppose -3*p + 64 = p. Calculate the highest common divisor of p and 2.
2
Suppose -4*g = -2 - 250. What is the highest common factor of g and 42?
21
Let l be -1*3/(-3) - -19. Calculate the highest common divisor of 8 and l.
4
Let n be (6/(-24))/(2/(-32)). Suppose 485 = 5*z - w - n*w, 93 = z + w. What is the greatest common divisor of 38 and z?
19
Suppose -30 + 103 = 3*r + i, -4*r + 102 = -i. Suppose -5*b = 2*j, 4 = 2*j - b + 4*b. Calculate the greatest common divisor of r and j.
5
Suppose 1 = 3*g + 5*l + 6, -11 = g + 4*l. Suppose g*o - 3*u + u - 49 = 0, 0 = -4*o + 4*u + 44. What is the greatest common divisor of o and 3?
3
Suppose -a - 6*v = -v - 110, -3*a + 5*v = -430. What is the highest common divisor of 15 and a?
15
Suppose 5*i + 9 + 11 = 0. Let a be 1/i + (-36)/(-16). Suppose -m = a, 0 = k + 5*m - 1 - 0. Calculate the greatest common divisor of 22 and k.
11
Suppose 2*f - 3*f = -130. Let r(j) = -j**3 + 4*j**2 + 2*j + 13. Let n be r(10). Let y be n/(-45) - (-2)/5. Calculate the greatest common factor of y and f.
13
Let s = -43 + 318. What is the greatest common factor of 25 and s?
25
Suppose -2*o - 3*m = -27, -2*o + 44 = 2*o - 4*m. What is the highest common divisor of o and 4?
4
Suppose -5*k + a = -56, 2*k + 2*a - 20 = k. Let t = 183 + -153. What is the greatest common factor of t and k?
6
Suppose -u + 107 = -23. What is the highest common factor of 52 and u?
26
Let t = -16 - -30. Let b(m) = 46*m**2 - 3*m - 2. Let d be b(-2). Let w = d + -62. What is the greatest common factor of w and t?
14
Suppose 11*i = 4*i + 119. Calculate the highest common divisor of 119 and i.
17
Let i = -58 + 101. Suppose i = 5*c - 12. What is the highest common factor of 44 and c?
11
Suppose -25 = -4*m - m. Suppose m*z = 2*r + 10 + 12, 0 = 2*r - 4*z + 18. Let b be (2/(-6))/(r/66). What is the greatest common divisor of 33 and b?
11
Let u(t) = 3*t - 17. Let a be u(8). What is the greatest common divisor of 1 and a?
1
Let c = 61 + -85. Let s = 34 + c. Suppose 0*v - v + 10 = -r, 2*r = -3*v + s. What is the highest common factor of 30 and v?
6
Let p(b) = -b**3 - 15*b**2 - 17*b - 24. Let v be p(-14). Calculate the highest common factor of 9 and v.
9
Let d be 39*3 - 2/2. Let f = -81 + d. Let s be 8*-4*(-7)/16. What is the greatest common factor of f and s?
7
Let r(l) = -l**2 - 11*l - 3. Let n be r(-9). What is the highest common factor of 135 and n?
15
Suppose 4*k = 67 - 11. Let i(b) = 8*b - 5. Let z be i(5). Let c be (0 + 1)/(1/z). Calculate the greatest common divisor of k and c.
7
Let w = -42 - -56. Calculate the greatest common divisor 